{"id":120,"date":"2020-03-10T19:22:18","date_gmt":"2020-03-10T18:22:18","guid":{"rendered":"http:\/\/zeromski.home.pl\/autoinstalator\/wordpressplugins1\/?page_id=120"},"modified":"2020-03-10T19:22:18","modified_gmt":"2020-03-10T18:22:18","slug":"prasa-o-nas","status":"publish","type":"page","link":"http:\/\/zeromski.home.pl\/autoinstalator\/wordpressplugins1\/index.php\/prasa-o-nas\/","title":{"rendered":"Prasa o nas"},"content":{"rendered":"\n<h3 class=\"wp-block-heading\">Puls Regionu<\/h3>\n\n\n\n<figure class=\"wp-block-image\"><img decoding=\"async\" src=\"http:\/\/www.leonardo.vot.pl\/thumbnails\/1_jpg.jpg\" alt=\"\"\/><\/figure>\n\n\n\n<h3 class=\"wp-block-heading\">\u017bycie Cz\u0119stochowy<\/h3>\n\n\n\n<figure class=\"wp-block-image\"><img decoding=\"async\" src=\"http:\/\/www.leonardo.vot.pl\/thumbnails\/2_jpg.jpg\" alt=\"\"\/><\/figure>\n\n\n\n<h3 class=\"wp-block-heading\">\u017bycie Cz\u0119stochowskie<\/h3>\n\n\n\n<figure class=\"wp-block-image\"><img decoding=\"async\" src=\"http:\/\/www.leonardo.vot.pl\/thumbnails\/3_jpg.jpg\" alt=\"\"\/><\/figure>\n\n\n\n<h3 class=\"wp-block-heading\">Gazeta Wyborcza &#8222;Prac\u0119 da\u0142 im Leonardo da Vinci&#8221;<\/h3>\n\n\n\n<figure class=\"wp-block-image\"><img decoding=\"async\" src=\"http:\/\/www.leonardo.vot.pl\/thumbnails\/4_jpg.jpg\" alt=\"\"\/><\/figure>\n\n\n\n<h3 class=\"wp-block-heading\">nagranie z ORION<\/h3>\n\n\n\n<figure class=\"wp-block-image\"><a href=\"http:\/\/www.tvorion.pl\/multimedia\/at%20net%2029.10.2010\/leonardo.wmv\"><img decoding=\"async\" src=\"http:\/\/www.leonardo.vot.pl\/images\/orion.jpg\" alt=\"\"\/><\/a><\/figure>\n\n\n\n<h3 class=\"wp-block-heading\">Uczniowie &#8222;\u017beromskiego&#8221; praktykuj\u0105 we W\u0142oszech<\/h3>\n\n\n\n<figure class=\"wp-block-image\"><img decoding=\"async\" src=\"http:\/\/www.leonardo.vot.pl\/images\/gcz.jpg\" alt=\"\"\/><\/figure>\n\n\n\n<figure class=\"wp-block-image\"><img decoding=\"async\" src=\"http:\/\/www.leonardo.vot.pl\/thumbnails\/5_jpg.jpg\" alt=\"\"\/><\/figure>\n\n\n\n<figure class=\"wp-block-image\"><img decoding=\"async\" src=\"http:\/\/www.leonardo.vot.pl\/thumbnails\/6_jpg.jpg\" alt=\"\"\/><\/figure>\n\n\n\n<figure class=\"wp-block-image\"><img decoding=\"async\" src=\"http:\/\/www.leonardo.vot.pl\/thumbnails\/7_jpg.jpg\" alt=\"\"\/><\/figure>\n\n\n\n<h3 class=\"wp-block-heading\">Szkolna telewizja \u017berom TV<\/h3>\n\n\n\n<figure><iframe loading=\"lazy\" width=\"560\" height=\"315\" src=\"https:\/\/www.youtube.com\/embed\/cq4x0xwh93k\" allowfullscreen=\"\"><\/iframe><\/figure>\n\n\n\n<h3 class=\"wp-block-heading\">Biuletyn FRSE<\/h3>\n\n\n\n<p><a href=\"http:\/\/erasmusplus.org.pl\/wp-content\/uploads\/2018\/04\/opiekunowie_01_2018_web.pdf\">Biuletyn FRSE<\/a><\/p>\n\n\n\n<h3 class=\"wp-block-heading\">Biuletyn Edukacyjny SOD<\/h3>\n\n\n\n<p><a href=\"http:\/\/www.sod.edu.pl\/wp-content\/uploads\/2018\/02\/BE_styczen_2018.pdf\">Biuletyn Edukacyjny SOD<\/a><\/p>\n\n\n\n<h3 class=\"wp-block-heading\">Artyku\u0142 gastronomia POWER 2016<\/h3>\n\n\n\n<figure class=\"wp-block-image\"><img decoding=\"async\" src=\"http:\/\/www.leonardo.vot.pl\/images\/8_.jpg\" alt=\"\"\/><\/figure>\n\n\n\n<h3 class=\"wp-block-heading\">artyku\u0142 hotelarze POWER &#8211; 2016<\/h3>\n\n\n\n<figure class=\"wp-block-image\"><img decoding=\"async\" src=\"http:\/\/www.leonardo.vot.pl\/images\/9_.jpg\" alt=\"\"\/><\/figure>\n\n\n\n<h3 class=\"wp-block-heading\">artyku\u0142 informatycy POWER 2016<\/h3>\n\n\n\n<figure class=\"wp-block-image\"><img decoding=\"async\" src=\"http:\/\/www.leonardo.vot.pl\/images\/10_.jpg\" alt=\"\"\/><\/figure>\n\n\n\n<h3 class=\"wp-block-heading\">\u017bycie Cz\u0119stochowy<\/h3>\n\n\n\n<figure class=\"wp-block-image\"><img decoding=\"async\" src=\"http:\/\/www.leonardo.vot.pl\/thumbnails\/8_jpg.jpg\" alt=\"\"\/><\/figure>\n\n\n\n<h3 class=\"wp-block-heading\">\u017bycie Cz\u0119stochowy<\/h3>\n\n\n\n<p><\/p>\n\n\n\n<figure class=\"wp-block-image\"><img decoding=\"async\" src=\"http:\/\/www.leonardo.vot.pl\/thumbnails\/9_jpg.jpg\" alt=\"\"\/><\/figure>\n\n\n\n<h3 class=\"wp-block-heading\">\u017bycie Cz\u0119stochowy<\/h3>\n\n\n\n<p><\/p>\n\n\n\n<figure class=\"wp-block-image\"><img decoding=\"async\" src=\"http:\/\/www.leonardo.vot.pl\/thumbnails\/10_jpg.jpg\" alt=\"\"\/><\/figure>\n\n\n\n<h3 class=\"wp-block-heading\">TV Orion<\/h3>\n\n\n\n<figure><iframe loading=\"lazy\" width=\"560\" height=\"315\" src=\"https:\/\/www.youtube.com\/embed\/cq4x0xwh93k\" allowfullscreen=\"\"><\/iframe><\/figure>\n","protected":false},"excerpt":{"rendered":"<p>Puls Regionu \u017bycie Cz\u0119stochowy \u017bycie Cz\u0119stochowskie Gazeta Wyborcza &#8222;Prac\u0119 da\u0142 im Leonardo da Vinci&#8221; nagranie z ORION Uczniowie &#8222;\u017beromskiego&#8221; praktykuj\u0105 we W\u0142oszech Szkolna telewizja \u017berom TV Biuletyn FRSE Biuletyn FRSE Biuletyn Edukacyjny SOD Biuletyn Edukacyjny SOD Artyku\u0142 gastronomia POWER 2016 artyku\u0142 hotelarze POWER &#8211; 2016 artyku\u0142 informatycy POWER 2016 \u017bycie Cz\u0119stochowy \u017bycie Cz\u0119stochowy \u017bycie Cz\u0119stochowy &hellip; <a href=\"http:\/\/zeromski.home.pl\/autoinstalator\/wordpressplugins1\/index.php\/prasa-o-nas\/\" class=\"more-link\">Czytaj dalej<span class=\"screen-reader-text\"> \u201ePrasa o nas\u201d<\/span><\/a><\/p>\n","protected":false},"author":1,"featured_media":0,"parent":0,"menu_order":0,"comment_status":"closed","ping_status":"closed","template":"","meta":{"footnotes":""},"class_list":["post-120","page","type-page","status-publish","hentry"],"_links":{"self":[{"href":"http:\/\/zeromski.home.pl\/autoinstalator\/wordpressplugins1\/index.php\/wp-json\/wp\/v2\/pages\/120","targetHints":{"allow":["GET"]}}],"collection":[{"href":"http:\/\/zeromski.home.pl\/autoinstalator\/wordpressplugins1\/index.php\/wp-json\/wp\/v2\/pages"}],"about":[{"href":"http:\/\/zeromski.home.pl\/autoinstalator\/wordpressplugins1\/index.php\/wp-json\/wp\/v2\/types\/page"}],"author":[{"embeddable":true,"href":"http:\/\/zeromski.home.pl\/autoinstalator\/wordpressplugins1\/index.php\/wp-json\/wp\/v2\/users\/1"}],"replies":[{"embeddable":true,"href":"http:\/\/zeromski.home.pl\/autoinstalator\/wordpressplugins1\/index.php\/wp-json\/wp\/v2\/comments?post=120"}],"version-history":[{"count":1,"href":"http:\/\/zeromski.home.pl\/autoinstalator\/wordpressplugins1\/index.php\/wp-json\/wp\/v2\/pages\/120\/revisions"}],"predecessor-version":[{"id":121,"href":"http:\/\/zeromski.home.pl\/autoinstalator\/wordpressplugins1\/index.php\/wp-json\/wp\/v2\/pages\/120\/revisions\/121"}],"wp:attachment":[{"href":"http:\/\/zeromski.home.pl\/autoinstalator\/wordpressplugins1\/index.php\/wp-json\/wp\/v2\/media?parent=120"}],"curies":[{"name":"wp","href":"https:\/\/api.w.org\/{rel}","templated":true}]}}